{"id":7887,"date":"2023-09-29T17:14:11","date_gmt":"2023-09-29T14:14:11","guid":{"rendered":"http:\/\/fenixgrup.com\/?page_id=7887"},"modified":"2023-09-29T17:17:29","modified_gmt":"2023-09-29T14:17:29","slug":"29-eylul-2023-basin-bulteni","status":"publish","type":"page","link":"http:\/\/fenixgrup.com\/index.php\/29-eylul-2023-basin-bulteni\/","title":{"rendered":"29 Eyl\u00fcl 2023 Bas\u0131n B\u00fclteni"},"content":{"rendered":"\t\t<div data-elementor-type=\"wp-page\" data-elementor-id=\"7887\" class=\"elementor elementor-7887\">\n\t\t\t\t\t\t<div class=\"elementor-section elementor-top-section elementor-element elementor-element-be9035f elementor-section-boxed elementor-section-height-default elementor-section-height-default e-parent\" data-id=\"be9035f\" data-element_type=\"section\">\n\t\t\t\t\t\t<div class=\"elementor-container elementor-column-gap-default\">\n\t\t\t\t\t<div class=\"elementor-column elementor-col-100 elementor-top-column elementor-element elementor-element-fae52b6 lakit-col-width-auto-no\" data-id=\"fae52b6\" data-element_type=\"column\">\n\t\t\t<div class=\"elementor-widget-wrap elementor-element-populated\">\n\t\t\t\t\t\t<div class=\"elementor-element elementor-element-22cb30c elementor-widget elementor-widget-text-editor\" data-id=\"22cb30c\" data-element_type=\"widget\" data-widget_type=\"text-editor.default\">\n\t\t\t\t<div class=\"elementor-widget-container\">\n\t\t\t\t\t\t\t\t\t<p>Bas\u0131n B\u00fclteni\u00a0 \u00a0 \u00a0 \u00a0 \u00a0 \u00a0 \u00a0 \u00a0 \u00a0 \u00a0 \u00a0 \u00a0 \u00a0 \u00a0 \u00a0 \u00a0 \u00a0 \u00a0 \u00a0 \u00a0 \u00a0 \u00a0 \u00a0 \u00a0 \u00a0 \u00a0 \u00a0 \u00a0 \u00a0 \u00a0 \u00a0 \u00a0 \u00a0 \u00a0 \u00a0 \u00a0 \u00a0 \u00a0 \u00a0 \u00a0 \u00a0 \u00a0 \u00a0 \u00a0 \u00a0 \u00a0 \u00a0 \u00a0 \u00a0 \u00a0 \u00a0 \u00a0 \u00a0 \u00a0 \u00a0 \u00a0 \u00a0 \u00a0 \u00a0 \u00a0 \u00a0 \u00a0 \u00a0 \u00a0 \u00a0 \u00a029 Eyl\u00fcl 2023<\/p><p class=\"p6\"><b><i>Accor ve Fenix \u015eirketler Grubu T\u00fcrkiye&#8217;nin etkileyici koylar\u0131na Swiss\u00f4tel Antalya Kalkan&#8217;\u0131 getirmek i\u00e7in ortakl\u0131\u011f\u0131n\u0131 duyurdu.<\/i><\/b><span class=\"s1\"><b><i><br \/><\/i><\/b><\/span><\/p><p class=\"p7\"><b>SWISS\u00d4TEL ANTALYA KALKAN, 2025 YILINDA KAPILARINI A\u00c7ACAK.<br \/><\/b><\/p><p class=\"p8\"><b><span class=\"Apple-converted-space\">\u00a0 \u00a0 \u00a0<\/span><\/b><\/p><p class=\"p8\"><b><span class=\"Apple-converted-space\">\u00a0\u00a0<\/span><\/b><\/p><p class=\"p9\"><b>T\u00fcrkiye &#8211;<\/b> D\u00fcnyan\u0131n en b\u00fcy\u00fck konaklama grubu Accor, T\u00fcrkiye genelindeki varl\u0131\u011f\u0131n\u0131, daha da g\u00fc\u00e7lendirmek i\u00e7in Fenix \u015eirketler Grubu ile ortakl\u0131\u011f\u0131n\u0131 duyurdu.<\/p><p class=\"p9\">2025 y\u0131l\u0131nda a\u00e7\u0131lmas\u0131 planlanan Swiss\u00f4tel Antalya Kalkan, ikonik Swiss\u00f4tel Hotels &amp; Resorts markas\u0131n\u0131 T\u00fcrkiye&#8217;nin muhte\u015fem koylar\u0131na ta\u015f\u0131yacak. Kalkan koylar\u0131nda ayr\u0131cal\u0131kl\u0131 bir konumda yer alan Swiss\u00f4tel Antalya Kalkan, dinlendirici panoramik manzaras\u0131n\u0131n yan\u0131 s\u0131ra, huzurun \u00f6z\u00fcn\u00fc ve y\u00fcksek konfor duygusunu yakalayan otel alanlar\u0131yla, m\u00fckemmel uyum sa\u011flayan \u00f6zel bir plaj alan\u0131 da sunacak.<\/p><p class=\"p9\">\u0130mza t\u00f6reninde <b>Fenix \u015eirketler Grubu Grup Ba\u015fkan\u0131 Ey\u00fcp Mavi<\/b> \u015funlar\u0131 s\u00f6yledi: &#8220;<i>Accor ile olan i\u015fbirli\u011fimiz \u015firketimizin b\u00fcy\u00fcmesinde bir d\u00f6n\u00fcm noktas\u0131d\u0131r. Swiss\u00f4tel markas\u0131n\u0131 T\u00fcrkiye&#8217;nin do\u011fal g\u00fczelliklerini sergileyen bir lokasyona getirmek i\u00e7in birlikte \u00e7al\u0131\u015fmaktan gurur duyuyoruz. Bu ortakl\u0131k, Fenix&#8217;in uzmanl\u0131\u011f\u0131ndan ve Accor&#8217;un k\u00fcresel itibar\u0131ndan yararlanarak Akdeniz b\u00f6lgesindeki konukseverlik ortam\u0131n\u0131 y\u00fckselten, heyecan verici bir giri\u015fimi temsil ediyor.&#8221;<\/i><\/p><p class=\"p9\"><b>Accor Premium, Orta \u00f6l\u00e7ekli ve Ekonomi B\u00f6l\u00fcm\u00fc Orta Do\u011fu, Afrika ve T\u00fcrkiye COO&#8217;su Paul Stevens;<\/b><i> &#8220;Swiss\u00f4tel Antalya Kalkan projesini hayata ge\u00e7irmek i\u00e7in Fenix \u015eirketler Grubu ile ortakl\u0131k yapmaktan mutluluk duyuyoruz. Kalkan&#8217;\u0131n nefes kesen koylar\u0131nda, b\u00fcy\u00fcleyici konumu ve sunaca\u011f\u0131 ola\u011fan\u00fcst\u00fc olanaklarla bu tesisin, iyi bir ya\u015fam ve zenginle\u015ftirici deneyimler arayan gezginler i\u00e7in \u00f6nc\u00fc olaca\u011f\u0131na inan\u0131yoruz.&#8221;<\/i> dedi<i>.<\/i><\/p><p class=\"p9\">Proje, toplam 39.615 m2&#8217;lik geni\u015f alan\u0131 ile Swiss\u00f4tel Antalya Kalkan\u2019\u0131, Swiss\u00f4tel markas\u0131 i\u00e7in dikkat \u00e7ekici bir otel haline getiriyor. Swiss\u00f4tel Antalya Kalkan&#8217;da 245 \u015f\u0131k ve ferah oda, \u00fc\u00e7 se\u00e7kin restoran yer alacak. Otelde iki bar, \u00f6zel plaj, a\u00e7\u0131k y\u00fczme havuzu ve 900 m2&#8217;lik fitness ve spa tesisi de misafirlerle bulu\u015facak.<\/p><p class=\"p9\">Tesis geleneksel yap\u0131lardan ayr\u0131larak, sezgisel tasar\u0131m sunmaya, yerel geleneklerin unsurlar\u0131n\u0131 birle\u015ftirmeye, kusursuz i\u015f\u00e7ili\u011fe, s\u00fcrd\u00fcr\u00fclebilirli\u011fe ve g\u00fc\u00e7l\u00fc bir ba\u011fl\u0131l\u0131\u011fa odaklanacak. Swiss\u00f4tel Antalya Kalkan,genel konaklama deneyimine b\u00fct\u00fcnsel bir yakla\u015f\u0131mla benzersiz ve yenilik\u00e7i alanlar sunacak. \u0130\u00e7 ve d\u0131\u015f peyzaj d\u00fczenlemesi ve tesis b\u00fcnyesindeki do\u011fal bitki \u00f6rt\u00fcs\u00fcn\u00fcn varl\u0131\u011f\u0131, konuklar\u0131n muhte\u015fem bir do\u011fa i\u00e7inde konfor, canl\u0131l\u0131k ve rahatlama duygular\u0131na hitap edecek.<\/p><p class=\"p9\">Rahatlama ve sa\u011fl\u0131kl\u0131 ya\u015fam arayanlar i\u00e7in Swiss\u00f4tel Antalya Kalkan, fitness merkezi, g\u00fczellik salonu, yoga st\u00fcdyosu, sauna, buhar odas\u0131, T\u00fcrk hamam\u0131 gibi son teknoloji olanaklarla donat\u0131lm\u0131\u015f 900 m2lik geni\u015f bir fitness ve spa tesisini de misafirlerine sunacak. Konuklar\u0131n sa\u011fl\u0131klar\u0131na hitap eden canland\u0131r\u0131c\u0131 deneyimlerin keyfini \u00e7\u0131karabilecekleri masaj odalar\u0131da yine tesis i\u00e7erinde yerini alacak.<\/p><p class=\"p9\">Swiss\u00f4tel Antalya Kalkan&#8217;\u0131n en \u00f6ne \u00e7\u0131kan \u00f6zelliklerinden biri de \u00f6zel plaj\u0131 ve a\u00e7\u0131k y\u00fczme havuzu. Kalkan&#8217;\u0131n nefes kesen koylar\u0131nda konaklayacak olan misafirler, ger\u00e7ekten unutulmaz bir deneyim i\u00e7in g\u00fcne\u015fin tad\u0131n\u0131 \u00e7\u0131kar\u0131p, berrak sularda serinlerken, \u00e7e\u015fitli su aktivitelerinin de<span class=\"Apple-converted-space\">\u00a0 <\/span>keyfini \u00e7\u0131karabilecekler.<\/p><p class=\"p9\">Tan\u0131nm\u0131\u015f bir \u0130svi\u00e7re markas\u0131 olan Swiss\u00f4tel Hotels &amp; Resorts, \u0130svi\u00e7re misafirperverli\u011finin zengin gelene\u011fini s\u00fcrd\u00fcr\u00fcrken Alpler&#8217;in canl\u0131 enerjisini b\u00fcnyesinde bar\u0131nd\u0131ran \u00e7a\u011fda\u015f otelleriyle d\u00fcnya \u00e7ap\u0131nda tan\u0131nmakta. Swiss\u00f4tel Hotels &amp; Resorts, 20 \u00fclkede 34 tesis ile hizmet veriyor ve 33 yeni oteli b\u00fcnyesine katmaya haz\u0131rlan\u0131yor. Swiss\u00f4tel, 110&#8217;dan fazla \u00fclkede 5.500&#8217;den fazla tesise ve proje a\u015famas\u0131nda olan 1.262 otele sahip, d\u00fcnya lideri bir konaklama grubu olan Accor&#8217;un par\u00e7as\u0131d\u0131r.<\/p><p class=\"p11\"><b>SWISS\u00d4TEL HAKKINDA<\/b><\/p><p class=\"p13\">D\u00fcnyan\u0131n en tan\u0131nm\u0131\u015f \u0130svi\u00e7re markalar\u0131ndan biri olan Swiss\u00f4tel Hotels &amp; Resorts, k\u00f6kleri \u0130svi\u00e7re misafirperverli\u011fi gelene\u011finden gelen, Alp enerjisinin tazeli\u011fi ve canl\u0131l\u0131\u011f\u0131yla a\u015f\u0131lanm\u0131\u015f \u00e7a\u011fda\u015f oteller sunmaktad\u0131r. Ak\u0131ll\u0131 tasar\u0131m\u0131, kaliteli i\u015f\u00e7ili\u011fi ve s\u00fcrd\u00fcr\u00fclebilirli\u011fe y\u00f6nelik duyarl\u0131 yakla\u015f\u0131m\u0131yla sayg\u0131 duyulan Swiss\u00f4tel, misafirlerine d\u00fcnyay\u0131 ke\u015ffetme, hayat\u0131n ger\u00e7ek \u00f6d\u00fcllerini ke\u015ffetme ve &#8216;iyi ya\u015fama&#8217; f\u0131rsatlar\u0131n\u0131 kucaklama konusunda g\u00f6n\u00fcl rahatl\u0131\u011f\u0131 sa\u011fl\u0131yor. Swiss\u00f4tel markas\u0131 1980 y\u0131l\u0131nda kuruldu ve bug\u00fcn, \u0130stanbul&#8217;daki Swiss\u00f4tel The Bosphorus, Singapur&#8217;daki Swiss\u00f4tel The Stamford, Swiss\u00f4tel Chicago ve Swiss\u00f4tel Jakarta Pik Avenue gibi amiral gemisi tesisleri de dahil olmak \u00fczere d\u00fcnya \u00e7ap\u0131nda 30&#8217;dan fazla otele sahiptir. Swiss\u00f4tel, 110&#8217;dan fazla \u00fclkede 5.500&#8217;den fazla tesise sahip d\u00fcnya lideri bir konaklama grubu olan Accor&#8217;un bir par\u00e7as\u0131d\u0131r ve \u00e7ok \u00e7e\u015fitli \u00f6d\u00fcllere, hizmetlere ve deneyimlere eri\u015fim sa\u011flayan bir ya\u015fam tarz\u0131 sadakat program\u0131 olan ALL &#8211; Accor Live Limitless&#8217;a kat\u0131lan bir markad\u0131r.<\/p><p class=\"p15\"><span class=\"s3\"><a href=\"http:\/\/www.swissotel.com\/\">swissotel.com <\/a><\/span>|<span class=\"s5\"> <a href=\"https:\/\/all.accor.com\/\"><span class=\"s3\">all.accor.com<\/span> <\/a><\/span>|<span class=\"s5\"> <a href=\"https:\/\/group.accor.com\/en\"><span class=\"s3\">group.accor.com<\/span><\/a><\/span><\/p><p class=\"p17\"><b>ACCOR HAKKINDA<\/b><\/p><p class=\"p19\"><a href=\"https:\/\/group.accor.com\/fr-FR\">Accor<\/a>, 110&#8217;dan fazla \u00fclkede 5.500 tesiste, 10.000 yiyecek ve i\u00e7ecek mekan\u0131nda, sa\u011fl\u0131kl\u0131 ya\u015fam tesislerinde veya esnek \u00e7al\u0131\u015fma alanlar\u0131nda deneyimler sunan, d\u00fcnya lideri bir konaklama grubudur. Grup, l\u00fcksten ekonomiye 40&#8217;tan fazla otel markas\u0131n\u0131 ve Ennismore ile Ya\u015fam Tarz\u0131n\u0131 kapsayan sekt\u00f6r\u00fcn en \u00e7e\u015fitli konaklama ekosistemlerinden birine sahiptir. Accor, i\u015f eti\u011fi ve d\u00fcr\u00fcstl\u00fck, sorumlu turizm, s\u00fcrd\u00fcr\u00fclebilir kalk\u0131nma, toplumsal yard\u0131m ve \u00e7e\u015fitlilik ve kat\u0131l\u0131m a\u00e7\u0131s\u0131ndan olumlu eylemlerde bulunmaya kararl\u0131d\u0131r. 1967 y\u0131l\u0131nda kurulan Accor SA&#8217;n\u0131n genel merkezi Fransa&#8217;da olup, Euronext Paris&#8217;te (ISIN kodu: FR0000120404) ve Amerika Birle\u015fik Devletleri&#8217;nde OTC Market&#8217;te (Ticker: ACCYY) halka a\u00e7\u0131k olarak listelenmektedir. Daha fazla bilgi i\u00e7in l\u00fctfen <a href=\"http:\/\/www.group.accor.com\">www.group.accor.com<\/a> adresini ziyaret edin veya bizi <a href=\"https:\/\/twitter.com\/Accor\">Twitter<\/a>, <a href=\"https:\/\/www.facebook.com\/Accor\/\">Facebook<\/a>, <a href=\"https:\/\/www.linkedin.com\/company\/accor\/\">LinkedIn<\/a>, <a href=\"https:\/\/www.instagram.com\/accor\">Instagram<\/a> ve <a href=\"https:\/\/www.tiktok.com\/@accor?lang=fr\">TikTok&#8217;ta<\/a> takip edin.<\/p><p class=\"p21\">.\u00a0<\/p><p class=\"p11\"><b>FENIX \u015e\u0130RKETLER GRUBU HAKKINDA<\/b><\/p><p class=\"p24\">Fenix \u015eirketler Grubu, 2014&#8217;ten g\u00fcn\u00fcm\u00fcze kadar olan neredeyse 10 y\u0131ll\u0131k yolculu\u011funda T\u00fcrkiye, Almanya ve \u0130talya gibi \u00fclkelerde pek \u00e7ok at\u0131l\u0131m ger\u00e7ekle\u015ftirerek rakiplerinden ayr\u0131\u015fmay\u0131 ba\u015fard\u0131 ve her zaman ilklerin \u00f6nc\u00fcs\u00fc oldu. Bug\u00fcn madencilik &amp; elektrik \u00fcretimi, sanayi &amp; ticaret, turizm &amp; AVM&#8217;cilik, yeme &amp; i\u00e7me, sa\u011fl\u0131k ve gayrimenkul yat\u0131r\u0131mlar\u0131 sekt\u00f6rlerinde, alanlar\u0131nda yenilik\u00e7i vizyonlar\u0131 ile \u00f6nc\u00fc rol \u00fcstlenerek fark yarat\u0131yor ve T\u00fcrkiye, Almanya ve \u0130talya ekonomilerine de\u011fer kat\u0131yorlar. Fenix \u015eirketler Grubu, faaliyet g\u00f6sterdi\u011fi geni\u015f co\u011frafyada, uluslararas\u0131 gruplarla kurduklar\u0131 stratejik i\u015f birlikleri sayesinde faaliyetlerini y\u00fcr\u00fct\u00fcyor. De\u011fer odakl\u0131 yat\u0131r\u0131m anlay\u0131\u015f\u0131n\u0131 benimseyen ve d\u00fcnyada pozitif etki yaratmay\u0131 ama\u00e7layan sorumlu bir yat\u0131r\u0131m \u015firketi. Amac\u0131, uzun vadeli \u00e7\u00f6z\u00fcmler \u00fcreterek bulundu\u011fu b\u00f6lgelerde daha iyi bir gelecek i\u00e7in liderlik yapmak ve bu anlay\u0131\u015fla mevcut yat\u0131r\u0131mlar\u0131 d\u00f6n\u00fc\u015ft\u00fcrmek<\/p>\t\t\t\t\t\t\t\t<\/div>\n\t\t\t\t<\/div>\n\t\t\t\t\t<\/div>\n\t\t<\/div>\n\t\t\t\t\t<\/div>\n\t\t<\/div>\n\t\t\t\t<div class=\"elementor-section elementor-top-section elementor-element elementor-element-a39fdd0 elementor-section-boxed elementor-section-height-default elementor-section-height-default e-parent\" data-id=\"a39fdd0\" data-element_type=\"section\">\n\t\t\t\t\t\t<div class=\"elementor-container elementor-column-gap-default\">\n\t\t\t\t\t<div class=\"elementor-column elementor-col-100 elementor-top-column elementor-element elementor-element-74b233e lakit-col-width-auto-no\" data-id=\"74b233e\" data-element_type=\"column\">\n\t\t\t<div class=\"elementor-widget-wrap elementor-element-populated\">\n\t\t\t\t\t\t<div class=\"elementor-element elementor-element-5a8e14e elementor-widget elementor-widget-image-gallery\" data-id=\"5a8e14e\" data-element_type=\"widget\" data-widget_type=\"image-gallery.default\">\n\t\t\t\t<div class=\"elementor-widget-container\">\n\t\t\t\t\t\t\t<div class=\"elementor-image-gallery\">\n\t\t\t<div id='gallery-1' class='gallery galleryid-7887 gallery-columns-6 gallery-size-thumbnail'><dl class='gallery-item'>\n\t\t\t<dt class='gallery-icon landscape'>\n\t\t\t\t<a data-elementor-open-lightbox=\"yes\" data-elementor-lightbox-slideshow=\"5a8e14e\" data-elementor-lightbox-title=\"Swissotel Kalkan Signing Ceremony - FHS Abu Dhabi 2023\" data-e-action-hash=\"#elementor-action%3Aaction%3Dlightbox%26settings%3DeyJpZCI6Nzg3NiwidXJsIjoiaHR0cDpcL1wvZmVuaXhncnVwLmNvbVwvd3AtY29udGVudFwvdXBsb2Fkc1wvMjAyM1wvMDlcL1N3aXNzb3RlbC1LYWxrYW4tU2lnbmluZy1DZXJlbW9ueS1GSFMtQWJ1LURoYWJpLTIwMjMuanBnIiwic2xpZGVzaG93IjoiNWE4ZTE0ZSJ9\" href='http:\/\/fenixgrup.com\/wp-content\/uploads\/2023\/09\/Swissotel-Kalkan-Signing-Ceremony-FHS-Abu-Dhabi-2023.jpg'><img fetchpriority=\"high\" width=\"370\" height=\"350\" src=\"http:\/\/fenixgrup.com\/wp-content\/uploads\/2023\/09\/Swissotel-Kalkan-Signing-Ceremony-FHS-Abu-Dhabi-2023-370x350.jpg\" class=\"attachment-thumbnail size-thumbnail\" alt=\"\" decoding=\"async\" \/><\/a>\n\t\t\t<\/dt><\/dl><dl class='gallery-item'>\n\t\t\t<dt class='gallery-icon landscape'>\n\t\t\t\t<a data-elementor-open-lightbox=\"yes\" data-elementor-lightbox-slideshow=\"5a8e14e\" data-elementor-lightbox-title=\"Room-2\" data-e-action-hash=\"#elementor-action%3Aaction%3Dlightbox%26settings%3DeyJpZCI6Nzg3NSwidXJsIjoiaHR0cDpcL1wvZmVuaXhncnVwLmNvbVwvd3AtY29udGVudFwvdXBsb2Fkc1wvMjAyM1wvMDlcL1Jvb20tMi1zY2FsZWQuanBnIiwic2xpZGVzaG93IjoiNWE4ZTE0ZSJ9\" href='http:\/\/fenixgrup.com\/wp-content\/uploads\/2023\/09\/Room-2-scaled.jpg'><img width=\"370\" height=\"350\" src=\"http:\/\/fenixgrup.com\/wp-content\/uploads\/2023\/09\/Room-2-370x350.jpg\" class=\"attachment-thumbnail size-thumbnail\" alt=\"\" decoding=\"async\" \/><\/a>\n\t\t\t<\/dt><\/dl><dl class='gallery-item'>\n\t\t\t<dt class='gallery-icon landscape'>\n\t\t\t\t<a data-elementor-open-lightbox=\"yes\" data-elementor-lightbox-slideshow=\"5a8e14e\" data-elementor-lightbox-title=\"Room-1\" data-e-action-hash=\"#elementor-action%3Aaction%3Dlightbox%26settings%3DeyJpZCI6Nzg3NCwidXJsIjoiaHR0cDpcL1wvZmVuaXhncnVwLmNvbVwvd3AtY29udGVudFwvdXBsb2Fkc1wvMjAyM1wvMDlcL1Jvb20tMS1zY2FsZWQuanBnIiwic2xpZGVzaG93IjoiNWE4ZTE0ZSJ9\" href='http:\/\/fenixgrup.com\/wp-content\/uploads\/2023\/09\/Room-1-scaled.jpg'><img width=\"370\" height=\"350\" src=\"http:\/\/fenixgrup.com\/wp-content\/uploads\/2023\/09\/Room-1-370x350.jpg\" class=\"attachment-thumbnail size-thumbnail\" alt=\"\" decoding=\"async\" \/><\/a>\n\t\t\t<\/dt><\/dl><dl class='gallery-item'>\n\t\t\t<dt class='gallery-icon landscape'>\n\t\t\t\t<a data-elementor-open-lightbox=\"yes\" data-elementor-lightbox-slideshow=\"5a8e14e\" data-elementor-lightbox-title=\"Exterior-3\" data-e-action-hash=\"#elementor-action%3Aaction%3Dlightbox%26settings%3DeyJpZCI6Nzg3MywidXJsIjoiaHR0cDpcL1wvZmVuaXhncnVwLmNvbVwvd3AtY29udGVudFwvdXBsb2Fkc1wvMjAyM1wvMDlcL0V4dGVyaW9yLTMtc2NhbGVkLmpwZyIsInNsaWRlc2hvdyI6IjVhOGUxNGUifQ%3D%3D\" href='http:\/\/fenixgrup.com\/wp-content\/uploads\/2023\/09\/Exterior-3-scaled.jpg'><img loading=\"lazy\" width=\"370\" height=\"350\" src=\"http:\/\/fenixgrup.com\/wp-content\/uploads\/2023\/09\/Exterior-3-370x350.jpg\" class=\"attachment-thumbnail size-thumbnail\" alt=\"\" decoding=\"async\" \/><\/a>\n\t\t\t<\/dt><\/dl><dl class='gallery-item'>\n\t\t\t<dt class='gallery-icon landscape'>\n\t\t\t\t<a data-elementor-open-lightbox=\"yes\" data-elementor-lightbox-slideshow=\"5a8e14e\" data-elementor-lightbox-title=\"Exterior-2\" data-e-action-hash=\"#elementor-action%3Aaction%3Dlightbox%26settings%3DeyJpZCI6Nzg3MiwidXJsIjoiaHR0cDpcL1wvZmVuaXhncnVwLmNvbVwvd3AtY29udGVudFwvdXBsb2Fkc1wvMjAyM1wvMDlcL0V4dGVyaW9yLTItc2NhbGVkLmpwZyIsInNsaWRlc2hvdyI6IjVhOGUxNGUifQ%3D%3D\" href='http:\/\/fenixgrup.com\/wp-content\/uploads\/2023\/09\/Exterior-2-scaled.jpg'><img loading=\"lazy\" width=\"370\" height=\"350\" src=\"http:\/\/fenixgrup.com\/wp-content\/uploads\/2023\/09\/Exterior-2-370x350.jpg\" class=\"attachment-thumbnail size-thumbnail\" alt=\"\" decoding=\"async\" \/><\/a>\n\t\t\t<\/dt><\/dl><dl class='gallery-item'>\n\t\t\t<dt class='gallery-icon landscape'>\n\t\t\t\t<a data-elementor-open-lightbox=\"yes\" data-elementor-lightbox-slideshow=\"5a8e14e\" data-elementor-lightbox-title=\"Exterior-1\" data-e-action-hash=\"#elementor-action%3Aaction%3Dlightbox%26settings%3DeyJpZCI6Nzg3MSwidXJsIjoiaHR0cDpcL1wvZmVuaXhncnVwLmNvbVwvd3AtY29udGVudFwvdXBsb2Fkc1wvMjAyM1wvMDlcL0V4dGVyaW9yLTEtc2NhbGVkLmpwZyIsInNsaWRlc2hvdyI6IjVhOGUxNGUifQ%3D%3D\" href='http:\/\/fenixgrup.com\/wp-content\/uploads\/2023\/09\/Exterior-1-scaled.jpg'><img loading=\"lazy\" width=\"370\" height=\"350\" src=\"http:\/\/fenixgrup.com\/wp-content\/uploads\/2023\/09\/Exterior-1-370x350.jpg\" class=\"attachment-thumbnail size-thumbnail\" alt=\"\" decoding=\"async\" \/><\/a>\n\t\t\t<\/dt><\/dl><br style=\"clear: both\" \/>\n\t\t<\/div>\n\t\t<\/div>\n\t\t\t\t\t\t<\/div>\n\t\t\t\t<\/div>\n\t\t\t\t\t<\/div>\n\t\t<\/div>\n\t\t\t\t\t<\/div>\n\t\t<\/div>\n\t\t\t\t<\/div>\n\t\t","protected":false},"excerpt":{"rendered":"<p>Bas\u0131n B\u00fclteni&nbsp; &nbsp; &nbsp; &nbsp; &nbsp; &nbsp; &nbsp; &nbsp; &nbsp; &nbsp; &nbsp; &nbsp; &nbsp; &nbsp; &nbsp; &nbsp; &nbsp; &nbsp; &nbsp; &nbsp; &nbsp; &nbsp; &nbsp; &nbsp; &nbsp; &nbsp; &nbsp; &nbsp; &nbsp; &nbsp; &nbsp; &nbsp; &nbsp; &nbsp; &nbsp; &nbsp; [&hellip;]<\/p>\n","protected":false},"author":1,"featured_media":0,"parent":0,"menu_order":0,"comment_status":"closed","ping_status":"closed","template":"","meta":{"footnotes":""},"aioseo_notices":[],"_links":{"self":[{"href":"http:\/\/fenixgrup.com\/index.php\/wp-json\/wp\/v2\/pages\/7887"}],"collection":[{"href":"http:\/\/fenixgrup.com\/index.php\/wp-json\/wp\/v2\/pages"}],"about":[{"href":"http:\/\/fenixgrup.com\/index.php\/wp-json\/wp\/v2\/types\/page"}],"author":[{"embeddable":true,"href":"http:\/\/fenixgrup.com\/index.php\/wp-json\/wp\/v2\/users\/1"}],"replies":[{"embeddable":true,"href":"http:\/\/fenixgrup.com\/index.php\/wp-json\/wp\/v2\/comments?post=7887"}],"version-history":[{"count":8,"href":"http:\/\/fenixgrup.com\/index.php\/wp-json\/wp\/v2\/pages\/7887\/revisions"}],"predecessor-version":[{"id":7897,"href":"http:\/\/fenixgrup.com\/index.php\/wp-json\/wp\/v2\/pages\/7887\/revisions\/7897"}],"wp:attachment":[{"href":"http:\/\/fenixgrup.com\/index.php\/wp-json\/wp\/v2\/media?parent=7887"}],"curies":[{"name":"wp","href":"https:\/\/api.w.org\/{rel}","templated":true}]}}